rs of n.
2, 19, 73
Let p(m) = -42*m - 74. Let j be (-4)/(-5)*(-325)/26. List the prime factors of p(j).
2, 173
Let g = 29 + -29. Suppose -4*i + g*i = 0. Suppose -2*b + 5*l + 20 = -26, 4*b - l - 56 = i. What are the prime factors of b?
13
Let v(s) be the first derivative of 16 + s**2 - 2/3*s**3 - 3/2*s**4 + 3*s. List the prime factors of v(-2).
3, 13
Suppose -72 = -4*d + 2*g + 1528, -4*d = 5*g - 1614. Suppose 5*b - 3*b + 10 = 0, -t + d = -5*b. List the prime factors of t.
2, 47
Let h = -27 + 22. Let b(w) = w**2 + 3*w - 5. Let a be b(h). Suppose q - 104 = a*t, -3*q + t = 87 - 399. List the prime factors of q.
2, 13
Let d = 5088 - 2715. What are the prime factors of d?
3, 7, 113
Let b be (-1692)/68 + 4 - 10/85. Let r(f) = -f**3 - 18*f**2 + 55*f + 60. What are the prime factors of r(b)?
2, 3, 19
Let r(z) = z**3 - 14*z**2 + 10*z + 22. Suppose -42 - 10 = -4*t. Let n be r(t). Let s = 62 - n. List the prime factors of s.
79
Let a be (-16)/3*(-566 - (13 - 3)). Suppose a = 4*s - 528. What are the prime factors of s?
2, 3, 5
What are the prime factors of 31618/(-32)*(219 + -299)?
5, 15809
Let b be ((-14)/70)/(1/(-65)). Suppose -3*y - 3 = -2*y - 4*r, 0 = y + 4*r - b. Suppose y*f - 135 - 5 = 0. List the prime factors of f.
2, 7
Let d = 9 + -4. Let w be (1 + 0 - -5) + 2. Suppose d*a = l - 33, a + w = -a. What are the prime factors of l?
13
Suppose 3*a = -2*a - 4*x + 34, -5*a = 5*x - 35. What are the prime factors of (-138 - -40)*a/(-4)?
3, 7
Let h = -40 - -41. List the prime factors of (19 + h)/((-3)/(-48)).
2, 5
Suppose 3*i = -5*a + 5 + 4, -2*a + 4 = i. Let c(r) = 12*r**3 - 3*r**2 + 5*r - 9. What are the prime factors of c(a)?
3, 101
Let g(m) = m**3 - 12*m**2 + 3*m + 31. Let o be g(8). Let c = 697 - o. What are the prime factors of c?
2, 449
Suppose -5*y - 5*o + 4870 = 0, -10*o + 6*o = 0. Suppose 5*l - y - 3011 = 0. List the prime factors of l.
797
Let s(t) = t**3 + t**2 - 4*t + 1. Let x be s(2). Suppose 4*y = 4*h + 1800, -4*y + 20 = x*h - 1744. List the prime factors of y.
2, 223
Let s(i) = 6*i + i**2 + 12*i**2 + 0*i**2 + 16. Let u be (-1)/1 + (3 - 0) + -5. List the prime factors of s(u).
5, 23
Let u(v) = -6185*v**3 - 15*v**2 - 3*v - 4. List the prime factors of u(-1).
31, 199
Let s = 31 - -26. Suppose -3*w = -699 - s. Suppose 0 = -53*f + 51*f + w. What are the prime factors of f?
2, 3, 7
Suppose 174 = 12*w - 222. Suppose 26*h - w*h = -4949. List the prime factors of h.
7, 101
Let h = 1445 - -13314. What are the prime factors of h?
14759
Suppose 90 + 10 = 20*d. Suppose 0 = 5*s + j - 2071 + 516, -5*j + 1575 = d*s. What are the prime factors of s?
2, 5, 31
Let c(v) = 5*v**3 + 11*v**2 + v + 7. Let t(l) = -4*l**3 - 10*l**2 - l - 7. Let w(d) = -2*c(d) - 3*t(d). What are the prime factors of w(4)?
3, 89
List the prime factors of 15952 - (14 + -30) - (-1 + -2 + -3).
2, 7, 163
Let x be (-6 + 27)/((-1)/(-9)). Let u be 54/x - (-318)/14. Suppose 0 = -3*v + u + 34. List the prime factors of v.
19
Suppose -5*m = 189 + 581. Let y = -5105 - -5381. Let x = m + y. List the prime factors of x.
2, 61
Let c(g) = -7*g**3 - 13*g**2 + 4*g - 16. Let l be c(-7). Suppose p + 10 = -p, -l = -3*d - 4*p. What are the prime factors of d?
2, 5, 29
Suppose -5*x - p + 103 = -2*p, -2*x - p + 37 = 0. Suppose 0 = x*b + 29*b - 60564. What are the prime factors of b?
2, 3, 103
Let y be -9*(-4 + 6)/(-2). Let j be y/12*-4 + 1*5. Suppose 3*n - 6*n - g = -433, j*n + 3*g = 298. List the prime factors of n.
11, 13
Let s(q) = -13*q - 432. Let t be s(-33). Suppose 0*r = -4*r - 256. List the prime factors of (-377)/t + r/(-48).
127
Let n(a) = 22*a + 30. Suppose 4*c + 2*r + 3*r - 123 = 0, -42 = -2*c + 4*r. Let x be (22/33)/(2/c). List the prime factors of n(x).
2, 3, 19
Suppose -2095 = 13*n - 8335. Let a = 262 + n. List the prime factors of a.
2, 7, 53
Let z(g) = g + 39. Let w be z(-10). Suppose -54 = -4*s - 3*t, 5*s - 3*t = 52 + w. Suppose 3*b = 27 + s. List the prime factors of b.
2, 7
Let d be (-2*7/(-28))/(1/(-8712)). What are the prime factors of d/(-24) + (-3)/6?
181
Let u = 6 + -3. Suppose c - 33 = 3*n, -u*c + 4*n + n = -91. Let d = -22 + c. What are the prime factors of d?
5
Suppose -2*c + 90 + 32 = 0. List the prime factors of 1 + 20/5 + c.
2, 3, 11
Let c(s) = 24*s**3 - 33 - 23*s**3 - 6*s**2 + 11*s - 4*s. What are the prime factors of c(6)?
3
Let g = 24667 + -13831. What are the prime factors of g?
2, 3, 7, 43
Let c be (-40448)/(-72) + (-4)/(-18). Suppose -3*w = -p - 845, -2*w + 2*p - p = -c. List the prime factors of w.
283
Let h(i) = i**3 + 4*i**2 + 2*i + 1. Let k be h(-3). Suppose 5*t = 3*p - 1682, 5 + 3 = k*t. Suppose 31*f + p = 34*f. List the prime factors of f.
2, 47
Let h(k) = -k**3 + 16*k**2 - 3*k - 81. Let m(o) = -2*o**3 + 32*o**2 - 8*o - 161. Let b(v) = -11*h(v) + 6*m(v). List the prime factors of b(14).
107
Let n(l) = -134*l + 50. Let u(z) be the second derivative of -9*z**3/2 + 5*z**2 + 32*z. Let f(x) = -4*n(x) + 22*u(x). What are the prime factors of f(-3)?
2, 97
Let s = -48 + 56. Suppose 4*u + p = 2279, 5*p - 3 = s*p. Suppose 3*c = -k + 5*k + 833, -k + u = 2*c. List the prime factors of c.
283
Let j(v) = -15*v**3 + 103*v**3 + 2 - 6*v + 2 + 3*v**2 - 14*v**3. List the prime factors of j(2).
2, 149
Suppose -x = 4*l - 255 - 87, 0 = -2*l + 8. Let i = x - -92. What are the prime factors of i?
2, 11, 19
Suppose -9*s = -10*s - 514. List the prime factors of (15 - s)/(-2 - -3).
23
List the prime factors of -9*(0 - 1)*2320/6.
2, 3, 5, 29
Let i(f) = -f - 2. Let b be i(-4). Suppose 4*p = -b*p. Let c = 73 - p. What are the prime factors of c?
73
Let u(k) = 467*k + 3723. What are the prime factors of u(18)?
3, 13, 311
Let x be (-12)/(-2)*(14 + -13). Suppose -x*u + 175 + 1103 = 0. List the prime factors of u.
3, 71
Suppose 6*z - 284436 - 11358 = 0. What are the prime factors of z?
3, 16433
Let p be ((-6)/(-4)*8/(-6))/(-2). Let w = p + 38. Suppose 0 = -3*q - 5*u + w, 4*u - 52 = -0*q - 5*q. List the prime factors of q.
2
Let g = 124 + -120. List the prime factors of 189 - ((-10)/40 + 5/g).
2, 47
Let m = -5 + 31. Let z = m + 12. Suppose 4*w + 40 = v, 4*w + z = v + w. What are the prime factors of v?
2
Suppose 63*w = 82*w - 11248. Let n = w - 353. What are the prime factors of n?
239
Suppose -8*p + 37450 = -1278. Suppose 5134 = 15*k - p. List the prime factors of k.
5, 7, 19
Suppose 3*x - 3*a + 21 = 0, a + a + 18 = -2*x. Suppose 342*l + 220 = 176*l + 176*l. Let t = l + x. List the prime factors of t.
2, 7
Suppose 0 = 3*x - 5*k - 18552, -1099*x + 1100*x + 4*k - 6167 = 0. What are the prime factors of x?
37, 167
List the prime factors of (-3)/((-3)/85044*12).
19, 373
Let x(j) = j**2 + 7*j + 14. Let c be x(-5). Suppose 2*z + 592 = -4*b, -2*z + 158 = 3*b - c*b. Let g = -43 - b. List the prime factors of g.
107
Let u(n) = 14541*n**2 - 5*n + 47. What are the prime factors of u(-2)?
3, 6469
Suppose 0 = 2*u + 13 - 119. Let m = u + -59. Let y = m + 69. What are the prime factors of y?
3, 7
Let g(j) = -57 + 4*j**2 - 61 + 16*j + 33 + 2*j + 4*j. List the prime factors of g(7).
5, 53
Suppose 28*a - 41756 - 162327 = -7019. List the prime factors of a.
2, 3, 17, 23
Suppose 0 = 7*j - 5*j + 2*v + 126, 4*v = 20. Let n = 89 - j. List the prime factors of n.
157
Suppose 356*i - 332*i = 2232. Let j(c) = c**3 - 8*c**2 - 7*c - 4. Let t be j(8). Let w = i + t. List the prime factors of w.
3, 11
Let j(w) = 9*w**2 - 7*w - 38. Suppose 10*q = 17*q + 35. Let x be q - ((-12)/(-4) + -3). List the prime factors of j(x).
2, 3, 37
Let t(j) = -j**3 + 6*j**2 + 11*j - 29. What are the prime factors of t(-14)?
37, 101
Suppose 5*d - 2*j = 40, -20 = -3*d - 2*j + 20. Suppose 6*k = -d*k + 3440. List the prime factors of k.
5, 43
Let s(p) = 1060*p**2 - 7*p + 20. Let m be s(2). Suppose -318 = -7*d + m. List the prime factors of d.
2, 163
Suppose -45*x = -13*x - 19*x - 26676. What are the prime factors of x?
2, 3, 19
Let w(b) = 3218*b - 1351. What are the prime factors of w(6)?
17957
Suppose -80*a + 24912 = -88*a. Let h = -1801 - a. List the prime factors of h.
13, 101
Let x = -310 - -312. List the prime factors of -3*8/(80/(-1095))*x.
3, 73
Suppose 25 = -5*u, 15 = -2*t + 2*u - 7*u. Suppose -2*p - 2*h = -t*p - 24, p + 21 = 5*h. List the prime factors of p*(-438)/27 - (-12)/18.
2, 7
Suppose -3*j - 13 = -4*j. Suppose -4*z - 5 + j = 0. Suppo